{"id":21460,"date":"2025-08-06T15:58:57","date_gmt":"2025-08-06T19:58:57","guid":{"rendered":"https:\/\/admision.uta.cl\/?page_id=21460"},"modified":"2025-08-06T16:39:23","modified_gmt":"2025-08-06T20:39:23","slug":"ingreso-especial-funcionarios-publicos-y-fuerzas-armadas","status":"publish","type":"page","link":"https:\/\/admision.uta.cl\/index.php\/ingreso-especial-funcionarios-publicos-y-fuerzas-armadas\/","title":{"rendered":"Ingreso Especial &#8211; Funcionarios P\u00fablicos y Fuerzas Armadas"},"content":{"rendered":"\t\t<div data-elementor-type=\"wp-page\" data-elementor-id=\"21460\" class=\"elementor elementor-21460\" data-elementor-settings=\"[]\">\n\t\t\t\t\t\t<div class=\"elementor-inner\">\n\t\t\t\t\t\t\t<div class=\"elementor-section-wrap\">\n\t\t\t\t\t\t\t<section class=\"elementor-section elementor-top-section elementor-element elementor-element-1057b48 elementor-section-boxed elementor-section-height-default elementor-section-height-default\" data-id=\"1057b48\" data-element_type=\"section\">\n\t\t\t\t\t\t<div class=\"elementor-container elementor-column-gap-default\">\n\t\t\t\t\t\t\t<div class=\"elementor-row\">\n\t\t\t\t\t<div class=\"elementor-column elementor-col-100 elementor-top-column elementor-element elementor-element-bbfd644\" data-id=\"bbfd644\" data-element_type=\"column\">\n\t\t\t<div class=\"elementor-column-wrap elementor-element-populated\">\n\t\t\t\t\t\t\t<div class=\"elementor-widget-wrap\">\n\t\t\t\t\t\t<section class=\"elementor-section elementor-inner-section elementor-element elementor-element-107be71 elementor-section-boxed elementor-section-height-default elementor-section-height-default\" data-id=\"107be71\" data-element_type=\"section\">\n\t\t\t\t\t\t<div class=\"elementor-container elementor-column-gap-no\">\n\t\t\t\t\t\t\t<div class=\"elementor-row\">\n\t\t\t\t\t<div class=\"elementor-column elementor-col-25 elementor-inner-column elementor-element elementor-element-0e30ed0\" data-id=\"0e30ed0\" data-element_type=\"column\">\n\t\t\t<div class=\"elementor-column-wrap elementor-element-populated\">\n\t\t\t\t\t\t\t<div class=\"elementor-widget-wrap\">\n\t\t\t\t\t\t<div class=\"elementor-element elementor-element-941020b elementor-align-center elementor-widget elementor-widget-button\" data-id=\"941020b\" data-element_type=\"widget\" data-widget_type=\"button.default\">\n\t\t\t\t<div class=\"elementor-widget-container\">\n\t\t\t\t\t<div class=\"elementor-button-wrapper\">\n\t\t\t<a href=\"https:\/\/admision.uta.cl\/\" class=\"elementor-button-link elementor-button elementor-size-xs\" role=\"button\">\n\t\t\t\t\t\t<span class=\"elementor-button-content-wrapper\">\n\t\t\t\t\t\t<span class=\"elementor-button-text\">Inicio<\/span>\n\t\t<\/span>\n\t\t\t\t\t<\/a>\n\t\t<\/div>\n\t\t\t\t<\/div>\n\t\t\t\t<\/div>\n\t\t\t\t\t\t<\/div>\n\t\t\t\t\t<\/div>\n\t\t<\/div>\n\t\t\t\t<div class=\"elementor-column elementor-col-25 elementor-inner-column elementor-element elementor-element-f9edb6c\" data-id=\"f9edb6c\" data-element_type=\"column\">\n\t\t\t<div class=\"elementor-column-wrap elementor-element-populated\">\n\t\t\t\t\t\t\t<div class=\"elementor-widget-wrap\">\n\t\t\t\t\t\t<div class=\"elementor-element elementor-element-0aac945 elementor-align-center elementor-widget elementor-widget-button\" data-id=\"0aac945\" data-element_type=\"widget\" data-widget_type=\"button.default\">\n\t\t\t\t<div class=\"elementor-widget-container\">\n\t\t\t\t\t<div class=\"elementor-button-wrapper\">\n\t\t\t<a href=\"https:\/\/admision.uta.cl\/#proceso-admision\" class=\"elementor-button-link elementor-button elementor-size-xs\" role=\"button\">\n\t\t\t\t\t\t<span class=\"elementor-button-content-wrapper\">\n\t\t\t\t\t\t<span class=\"elementor-button-text\">Ingreso regular PTU<\/span>\n\t\t<\/span>\n\t\t\t\t\t<\/a>\n\t\t<\/div>\n\t\t\t\t<\/div>\n\t\t\t\t<\/div>\n\t\t\t\t\t\t<\/div>\n\t\t\t\t\t<\/div>\n\t\t<\/div>\n\t\t\t\t<div class=\"elementor-column elementor-col-25 elementor-inner-column elementor-element elementor-element-7d6aebb\" data-id=\"7d6aebb\" data-element_type=\"column\">\n\t\t\t<div class=\"elementor-column-wrap elementor-element-populated\">\n\t\t\t\t\t\t\t<div class=\"elementor-widget-wrap\">\n\t\t\t\t\t\t<div class=\"elementor-element elementor-element-4154664 elementor-align-center elementor-widget elementor-widget-button\" data-id=\"4154664\" data-element_type=\"widget\" data-widget_type=\"button.default\">\n\t\t\t\t<div class=\"elementor-widget-container\">\n\t\t\t\t\t<div class=\"elementor-button-wrapper\">\n\t\t\t<a href=\"https:\/\/admision.uta.cl\/index.php\/ingresos-especiales-2\/\" class=\"elementor-button-link elementor-button elementor-size-xs\" role=\"button\">\n\t\t\t\t\t\t<span class=\"elementor-button-content-wrapper\">\n\t\t\t\t\t\t<span class=\"elementor-button-text\">Ingresos Especiales<\/span>\n\t\t<\/span>\n\t\t\t\t\t<\/a>\n\t\t<\/div>\n\t\t\t\t<\/div>\n\t\t\t\t<\/div>\n\t\t\t\t\t\t<\/div>\n\t\t\t\t\t<\/div>\n\t\t<\/div>\n\t\t\t\t<div class=\"elementor-column elementor-col-25 elementor-inner-column elementor-element elementor-element-6dc4dd5\" data-id=\"6dc4dd5\" data-element_type=\"column\">\n\t\t\t<div class=\"elementor-column-wrap elementor-element-populated\">\n\t\t\t\t\t\t\t<div class=\"elementor-widget-wrap\">\n\t\t\t\t\t\t<div class=\"elementor-element elementor-element-503cf16 elementor-align-center elementor-widget elementor-widget-button\" data-id=\"503cf16\" data-element_type=\"widget\" data-widget_type=\"button.default\">\n\t\t\t\t<div class=\"elementor-widget-container\">\n\t\t\t\t\t<div class=\"elementor-button-wrapper\">\n\t\t\t<a href=\"https:\/\/admision.uta.cl\/index.php\/carreras-vespertinas\/\" class=\"elementor-button-link elementor-button elementor-size-xs\" role=\"button\">\n\t\t\t\t\t\t<span class=\"elementor-button-content-wrapper\">\n\t\t\t\t\t\t<span class=\"elementor-button-text\">Carreras Vespertinas<\/span>\n\t\t<\/span>\n\t\t\t\t\t<\/a>\n\t\t<\/div>\n\t\t\t\t<\/div>\n\t\t\t\t<\/div>\n\t\t\t\t\t\t<\/div>\n\t\t\t\t\t<\/div>\n\t\t<\/div>\n\t\t\t\t\t\t\t\t<\/div>\n\t\t\t\t\t<\/div>\n\t\t<\/section>\n\t\t\t\t\t\t<\/div>\n\t\t\t\t\t<\/div>\n\t\t<\/div>\n\t\t\t\t\t\t\t\t<\/div>\n\t\t\t\t\t<\/div>\n\t\t<\/section>\n\t\t\t\t<section class=\"elementor-section elementor-top-section elementor-element elementor-element-1de56bb elementor-section-boxed elementor-section-height-default elementor-section-height-default\" data-id=\"1de56bb\" data-element_type=\"section\">\n\t\t\t\t\t\t<div class=\"elementor-container elementor-column-gap-default\">\n\t\t\t\t\t\t\t<div class=\"elementor-row\">\n\t\t\t\t\t<div class=\"elementor-column elementor-col-100 elementor-top-column elementor-element elementor-element-0404ad1\" data-id=\"0404ad1\" data-element_type=\"column\">\n\t\t\t<div class=\"elementor-column-wrap elementor-element-populated\">\n\t\t\t\t\t\t\t<div class=\"elementor-widget-wrap\">\n\t\t\t\t\t\t<div class=\"elementor-element elementor-element-7b84a99 elementor-widget elementor-widget-heading\" data-id=\"7b84a99\" data-element_type=\"widget\" data-widget_type=\"heading.default\">\n\t\t\t\t<div class=\"elementor-widget-container\">\n\t\t\t<h2 class=\"elementor-heading-title elementor-size-default\">INGRESO<b> ESPECIAL<\/b><\/h2>\t\t<\/div>\n\t\t\t\t<\/div>\n\t\t\t\t<div class=\"elementor-element elementor-element-e0e9a99 elementor-widget elementor-widget-heading\" data-id=\"e0e9a99\" data-element_type=\"widget\" data-widget_type=\"heading.default\">\n\t\t\t\t<div class=\"elementor-widget-container\">\n\t\t\t<h2 class=\"elementor-heading-title elementor-size-default\">POSTULANTES <b>AL CUPO HIJOS DE FUNCIONARIOS, C\u00d3NYUGE O FUNCIONARIOS DE LA DEFENSA NACIONAL, CARABINEROS, INVESTIGACIONES, FUNCIONARIOS P\u00daBLICOS E INSTITUCIONES O EMPRESAS CON LAS CUALES LA UNIVERSIDAD TENGA CONVENIO VIGENTE.<\/b><\/h2>\t\t<\/div>\n\t\t\t\t<\/div>\n\t\t\t\t\t\t<\/div>\n\t\t\t\t\t<\/div>\n\t\t<\/div>\n\t\t\t\t\t\t\t\t<\/div>\n\t\t\t\t\t<\/div>\n\t\t<\/section>\n\t\t\t\t<section class=\"elementor-section elementor-top-section elementor-element elementor-element-0f8c043 elementor-section-boxed elementor-section-height-default elementor-section-height-default\" data-id=\"0f8c043\" data-element_type=\"section\">\n\t\t\t\t\t\t<div class=\"elementor-container elementor-column-gap-default\">\n\t\t\t\t\t\t\t<div class=\"elementor-row\">\n\t\t\t\t\t<div class=\"elementor-column elementor-col-100 elementor-top-column elementor-element elementor-element-aa546f6\" data-id=\"aa546f6\" data-element_type=\"column\">\n\t\t\t<div class=\"elementor-column-wrap elementor-element-populated\">\n\t\t\t\t\t\t\t<div class=\"elementor-widget-wrap\">\n\t\t\t\t\t\t<div class=\"elementor-element elementor-element-73fceee elementor-widget-divider--view-line elementor-widget elementor-widget-divider\" data-id=\"73fceee\" data-element_type=\"widget\" data-widget_type=\"divider.default\">\n\t\t\t\t<div class=\"elementor-widget-container\">\n\t\t\t\t\t<div class=\"elementor-divider\">\n\t\t\t<span class=\"elementor-divider-separator\">\n\t\t\t\t\t\t<\/span>\n\t\t<\/div>\n\t\t\t\t<\/div>\n\t\t\t\t<\/div>\n\t\t\t\t\t\t<\/div>\n\t\t\t\t\t<\/div>\n\t\t<\/div>\n\t\t\t\t\t\t\t\t<\/div>\n\t\t\t\t\t<\/div>\n\t\t<\/section>\n\t\t\t\t<section class=\"elementor-section elementor-top-section elementor-element elementor-element-f95c620 elementor-section-boxed elementor-section-height-default elementor-section-height-default\" data-id=\"f95c620\" data-element_type=\"section\">\n\t\t\t\t\t\t<div class=\"elementor-container elementor-column-gap-default\">\n\t\t\t\t\t\t\t<div class=\"elementor-row\">\n\t\t\t\t\t<div class=\"elementor-column elementor-col-100 elementor-top-column elementor-element elementor-element-5c1df1c\" data-id=\"5c1df1c\" data-element_type=\"column\">\n\t\t\t<div class=\"elementor-column-wrap elementor-element-populated\">\n\t\t\t\t\t\t\t<div class=\"elementor-widget-wrap\">\n\t\t\t\t\t\t<div class=\"elementor-element elementor-element-62ac12a elementor-widget elementor-widget-text-editor\" data-id=\"62ac12a\" data-element_type=\"widget\" data-widget_type=\"text-editor.default\">\n\t\t\t\t<div class=\"elementor-widget-container\">\n\t\t\t\t\t<div class=\"elementor-text-editor elementor-clearfix\"><p>Se entiende como tal a toda persona que haya terminado sus estudios de Educaci\u00f3n Media o equivalente y que tenga la condici\u00f3n de ser hijo(a), c\u00f3nyuge o funcionario de las Instituciones de la Defensa Nacional de Chile, Funcionarios P\u00fablicos e Instituciones o Empresas con las cuales la Universidad de Tarapac\u00e1 tenga convenio vigente.<\/p><p><span style=\"text-decoration: underline;\"><strong>Requisitos:<\/strong><\/span><\/p><ul><li>Haber rendido la Prueba de Acceso a la Educaci\u00f3n Superior (PAES), correspondiente al periodo de su postulaci\u00f3n y haber obtenido un puntaje igual o superior al puntaje m\u00ednimo acordado por el Consejo de Rectores para ingresar a las universidades chilenas y un promedio de notas igual o superior a 5.5 (cinco, cinco).<\/li><li>Haber rendido la(s) prueba(s) Electivas exigida(s) por la(s) carrera(s) de su postulaci\u00f3n.<\/li><li>Ser hijo, c\u00f3nyuge o funcionario de las Instituciones o Empresas antes mencionadas con contrato vigente.<\/li><li>Postular en la p\u00e1gina de Admisi\u00f3n <a href=\"https:\/\/admision.uta.cl\"><em><strong>https:\/\/admision.uta.cl<\/strong><\/em><\/a>, postulando a la carrera de su preferencia (exceptuando la carrera de Medicina).\u00a0<\/li><\/ul><p><strong><span style=\"text-decoration: underline;\">Documentos Solicitados:<\/span><\/strong><\/p><ul><li>Licencia de Ense\u00f1anza Media o su equivalente, no laboral.<\/li><li>Certificado de Concentraci\u00f3n de Notas de Ense\u00f1anza Media<\/li><li>Certificado de Nacimiento en el que se indique nombre de los padres o certificado de matrimonio, si procede.<\/li><li>Certificado emitido por el empleador, que conste que el padre, madre, c\u00f3nyuge o funcionario postulante, es funcionario de la Instituci\u00f3n o empresa adscritas a este beneficio que otorga la Universidad de Tarapac\u00e1.<\/li><\/ul><p>\u00a0<\/p><\/div>\n\t\t\t\t<\/div>\n\t\t\t\t<\/div>\n\t\t\t\t\t\t<\/div>\n\t\t\t\t\t<\/div>\n\t\t<\/div>\n\t\t\t\t\t\t\t\t<\/div>\n\t\t\t\t\t<\/div>\n\t\t<\/section>\n\t\t\t\t\t\t<\/div>\n\t\t\t\t\t\t<\/div>\n\t\t\t\t\t<\/div>\n\t\t","protected":false},"excerpt":{"rendered":"<p>Inicio Ingreso regular PTU Ingresos Especiales Carreras Vespertinas INGRESO ESPECIAL POSTULANTES AL CUPO HIJOS DE FUNCIONARIOS, C\u00d3NYUGE O FUNCIONARIOS DE LA DEFENSA NACIONAL, CARABINEROS, INVESTIGACIONES, FUNCIONARIOS P\u00daBLICOS E INSTITUCIONES O EMPRESAS CON LAS CUALES LA UNIVERSIDAD TENGA CONVENIO VIGENTE. Se entiende como tal a toda persona que haya terminado sus estudios de Educaci\u00f3n Media o [&hellip;]<\/p>\n","protected":false},"author":5,"featured_media":0,"parent":0,"menu_order":0,"comment_status":"closed","ping_status":"closed","template":"","meta":{"footnotes":""},"_links":{"self":[{"href":"https:\/\/admision.uta.cl\/index.php\/wp-json\/wp\/v2\/pages\/21460"}],"collection":[{"href":"https:\/\/admision.uta.cl\/index.php\/wp-json\/wp\/v2\/pages"}],"about":[{"href":"https:\/\/admision.uta.cl\/index.php\/wp-json\/wp\/v2\/types\/page"}],"author":[{"embeddable":true,"href":"https:\/\/admision.uta.cl\/index.php\/wp-json\/wp\/v2\/users\/5"}],"replies":[{"embeddable":true,"href":"https:\/\/admision.uta.cl\/index.php\/wp-json\/wp\/v2\/comments?post=21460"}],"version-history":[{"count":7,"href":"https:\/\/admision.uta.cl\/index.php\/wp-json\/wp\/v2\/pages\/21460\/revisions"}],"predecessor-version":[{"id":21468,"href":"https:\/\/admision.uta.cl\/index.php\/wp-json\/wp\/v2\/pages\/21460\/revisions\/21468"}],"wp:attachment":[{"href":"https:\/\/admision.uta.cl\/index.php\/wp-json\/wp\/v2\/media?parent=21460"}],"curies":[{"name":"wp","href":"https:\/\/api.w.org\/{rel}","templated":true}]}}